ppose 0 = -m*n + 18 - 8. Give y(n).
-6
Let m(j) = -18*j - 114. Let l be ((-19)/95*-45)/((-3)/2). Give m(l).
-6
Let x(m) be the first derivative of -1/3*m**3 - 9 + 3/2*m**2 + 0*m. What is x(3)?
0
Let j = -587 - -600. Suppose -j*s = -9*s + 5*c - 63, -5*s + 51 = -3*c. Let m(i) = i**2 - 13*i + 6. Determine m(s).
-6
Let i = 55 + -52. Let f(c) = 7*c + 14 - 18 + 2*c - 8*c + 9. Give f(i).
8
Let m(t) = -2*t**3 + 19*t**2 - 25*t + 10. Let q be m(8). Let i(g) = -11*g**2 + 17*g**2 - 4*g**q + 6 - g - 4. Calculate i(2).
8
Let j(r) = -5*r**3 + 36*r**2 + 19*r + 70. Let z(l) = l**3 - 3*l**2 + l - 3. Let q(c) = j(c) + 4*z(c). Give q(25).
8
Let x(h) be the third derivative of -h**5/6 + h**4/24 - 22107*h**2. Let s = -4 - -6. Suppose 3*a + 15 = -s*a + 2*y, -20 = -4*y. Determine x(a).
-11
Let m(u) be the second derivative of 5/12*u**4 + 1/2*u**2 + 1 - 12*u + u**3 + 1/20*u**5. Determine m(-4).
-7
Suppose 3417 = 5*y + 4*g, 6*y + 2*g - 3411 = y. Let p = y + -689. Let i(f) be the third derivative of -f**4/24 + 2*f**3/3 - f**2. Give i(p).
12
Let z(a) = a**3 + 17*a**2 + 84*a - 39. Let i(x) = x**2 + 29*x + 1. Let c(p) = 3*i(p) - z(p). Calculate c(-14).
0
Let k(h) be the third derivative of 0 - 1/6*h**3 + 1/12*h**4 + 0*h - 1/30*h**5 - 34*h**2. Determine k(3).
-13
Let z(b) be the first derivative of 55 - 3*b**2 + 1/3*b**3 - 6*b. Give z(7).
1
Let d(r) = 2*r**3 + 7*r**2 + 8*r - 7. Let v(f) = 3*f**3 + 9*f**2 + 10*f - 8. Let b(o) = -4*d(o) + 3*v(o). Determine b(2).
4
Let o(d) = 41*d**2 - 42*d - 36. Let a(f) = f**3 - 2*f**2 - f - 1. Let x(q) = -a(q) + o(q). Let z be x(42). Let j(l) = -6*l + 5. What is j(z)?
-37
Suppose 0 = -129*z + 105*z + 168. Let u = 12 - 8. Let t(p) = -z - 3 - u + 8 + 4*p. Determine t(4).
10
Suppose -18*u - 20*u + u = 74. Let v(y) = -2*y**3 - 2*y - 12. Determine v(u).
8
Let k(y) = -5*y + 5. Suppose -4*d - o = -440, 2*d + 3*o = 3*d - 97. Let n = -105 + d. Determine k(n).
-15
Let b(s) = -230 + 29*s + 36*s + 310 - 18*s + 162. What is b(-5)?
7
Let i(g) = 114 + 104 - 181*g + 514*g - 182*g - 174*g. Determine i(10).
-12
Let l = -5 + 7. Let w(b) = 31*b + 95. Let g be w(-3). Let o(q) = q**3 + 0*q**g - 9 - 5*q + 14 + 4*q**l. What is o(-5)?
5
Let g(r) be the second derivative of -r**5/20 + r**4/6 - r**3/2 + 3*r**2/2 + 2350*r. Give g(-3).
57
Let i(c) = -c**2 - 12 + 15 + 13 + 14*c - c - 4*c. Give i(7).
30
Let l = 86 - 78. Suppose -20 = -4*a - l. Let m(q) = -3*q**a + 2*q - 4*q - 5 - 2*q - 4*q**2 + 2*q**3. Calculate m(-4).
11
Let v(l) be the first derivative of -l**3/3 + 7*l**2 + 63*l - 5393. What is v(-4)?
-9
Let o(n) = 2*n**3 + 4*n**2 - 2*n. Let y(z) = 31*z**3 + 54*z**2 - 27*z + 5. Let m(k) = 15*o(k) - y(k). Let a(t) = -6*t - 1. Let w be a(-1). Give m(w).
5
Suppose 15*d - 20*d + 315 = 0. Suppose 58*u + 30 = d*u. Let y(v) = -v**2 + 5*v + 7. What is y(u)?
1
Let z(f) = -7*f + 241. Let o(a) = 3*a - 104. Let r(t) = 5*o(t) + 2*z(t). Give r(31).
-7
Let q(j) = j**3 - 16*j**2 - 8*j - 36. Let l be (-87)/58*416/(-39). What is q(l)?
-164
Suppose 3*b = -2*f - 92, 0 = -4*f + f - b - 124. Let n = f - -44. Let u(m) = 4*m + n*m - m - 4*m. What is u(-6)?
-18
Let j(h) be the second derivative of -h**7/2520 - h**6/90 + h**5/15 + 8*h**4/3 - 60*h. Let d(u) be the third derivative of j(u). Determine d(-9).
-1
Let b(c) = -5*c - c**2 - c - 8 + 16 - 10. What is b(-1)?
3
Let k = 94458 + -94449. Let b(f) = -11*f + 9 + 4*f**2 - 2*f**2 - f**2. Determine b(k).
-9
Suppose 0 = -n + 3*i - 11, -4*n + 0 = -i + 33. Let r be n/40 + 156/30. Let w(j) = -4*j + 5. Calculate w(r).
-15
Let k(y) = -5*y**3 - 16*y**2 - 19*y - 3. Let i be k(-1). Let b(h) = h**3 - 3*h**2 - h - 3. Give b(i).
42
Let t(a) = 2*a**3 - 9013*a - 5*a**2 + 4498*a + 4479*a + 1 - 4*a**2 - a**3. Give t(12).
1
Let l(n) = 184*n**3 + 46*n**2 + 24*n - 50. Let q(k) = 65*k**3 + 16*k**2 + 8*k - 17. Let c(t) = -6*l(t) + 17*q(t). Calculate c(6).
35
Let c = 11 + -7. Let q(s) = s**3 - 4*s**2 - s + 3. Let u be q(c). Let w(a) be the first derivative of 5*a**2 - 10760. What is w(u)?
-10
Let a = 7016 + -7027. Let j(m) = -m**3 - 12*m**2 - 7*m + 18. Determine j(a).
-26
Let y = -4244 + 4251. Let x(f) = 3*f**2 - 19*f - 10. Give x(y).
4
Let t = -12 + 4. Let u(g) = 3*g**3 - 2*g**2 - 1. Let s(v) = -11*v**3 + 15*v**2 - 4*v + 14. Let k(j) = s(j) + 4*u(j). What is k(t)?
-22
Let g(q) = -3*q**3 - 100*q - 1 - 109*q - q**2 + 211*q. Let p be 36/44 - 2/(-11). Determine g(p).
-3
Let f(g) = 28 - 11 + 5*g - 13 - 9 + g**2. What is f(4)?
31
Let s(x) = -14*x**2 + 14*x + 78. Let c(a) = -3*a**2 + 5*a + 19. Let v(f) = 9*c(f) - 2*s(f). Calculate v(-16).
-1
Let d(h) = h**3 - 8*h**2 - 10*h + 9. Let s(g) = 12*g - 27. Let i = 603 - 600. Let l be s(i). Determine d(l).
0
Let m(q) = -q**3 - 7*q**2 - 5*q - 2. Suppose 0 = 24*l - 8*l - 192. Suppose -t = 5*z + 19, l*t = 4*z + 11*t + 8. Give m(z).
-23
Let m(c) = c - 15. Let d be m(12). Let r(n) = -9*n - 18. What is r(d)?
9
Let x(u) be the first derivative of 21*u + 275 + 1/2*u**2. Calculate x(-15).
6
Let j = 12212 + -12186. Let f(l) = l**3 - 27*l**2 + 29*l - 54. Calculate f(j).
24
Let r(b) = 22*b**2 + 20*b - 4 + 57*b**3 + 56*b**3 - 233*b**3 + 60*b**3 + 61*b**3. Give r(-21).
17
Let o(k) be the second derivative of k**6/360 + 11*k**5/120 + 5*k**4/6 + 131*k**3/6 - 6*k - 17. Let c(p) be the second derivative of o(p). Calculate c(-9).
2
Let i(o) be the second derivative of 5*o**3/6 + 31*o**2 + 5166*o. What is i(-11)?
7
Let l(p) be the second derivative of p**3/6 + 2*p**2 - 4*p - 18. Determine l(-5).
-1
Let o(p) = p**2 - 6*p + 7. Let z = -567 + 587. Suppose 32*c - 36 = z*c. What is o(c)?
-2
Let a = -191 + 193. Let p(b) = -1091 + b**3 + 4*b**2 + 1096 + 6*b**2 + a*b. Suppose 2*s + 6 = 0, 4*r + s + s + 46 = 0. Calculate p(r).
-15
Let y(h) be the third derivative of -h**6/120 - h**5/5 + 5*h**4/4 + 13*h**3/6 + 23*h**2 + 2*h + 17. Calculate y(-14).
-15
Let y(i) = i**2 + i - 1. Let j be ((-50)/4)/(((-49)/(-14))/7). Let g be (15/(-9))/(j/15). What is y(g)?
1
Suppose -60924*h = -61035*h - 555. Let q(p) be the second derivative of p**5/20 + p**4/4 - p**3 + 7*p**2/2 + p. Give q(h).
-13
Suppose -3*l - 52 = 5*c + 99, 4*l = -3*c - 183. Let f = 33 + l. Let x be ((-12)/(-18))/(6/f). Let r(t) = t**2 - t - 1. What is r(x)?
1
Let j be ((-1)/((-5)/(-2)))/((-1)/35). Let i(z) = 9 - j - 17 + 603*z - 604*z. Calculate i(-19).
-3
Let v(x) be the first derivative of x**7/840 + x**6/60 + x**5/30 + x**4/24 + 57*x**3 + 211. Let p(g) be the third derivative of v(g). Give p(-4).
17
Let s(p) be the first derivative of 2*p**3/3 - 45*p**2/2 - 94*p + 7280. What is s(-2)?
4
Suppose 16*x = 2*x. Suppose -24*b - 76 + 4 = x. Let v(d) be the third derivative of -d**6/120 - d**5/30 + d**4/12 + 2*d**3/3 + d**2. Determine v(b).
7
Let k(s) be the first derivative of -s**2 + 5*s - 1. Let b = 353 + -322. Suppose 0 = 4*o - 5*j - b, 5*o + 13*j = 12*j + 17. Calculate k(o).
-3
Suppose 8 = 3*a + 5*z - 6, 0 = -4*a + 2*z + 10. Suppose 15*j = -a*j. Let b(f) = f**2 - 1. Calculate b(j).
-1
Let v be 34/6 - 40*10/240. Let l(z) = -z**3 + z**2 + 4*z - 12. Calculate l(v).
-44
Let i(a) = 3*a + 45. Let m(l) = l + 15. Let w(s) = -3*i(s) + 8*m(s). Let v = -98 + 194. Suppose 100*p + 28 = v*p. Give w(p).
-8
Suppose -9 = 3*v - 5*m, 3*m - m = -5*v + 16. Let a(c) be the third derivative of -c**6/120 - c**5/60 + c**4/12 + c**3/3 + 10*c**2 - 135*c - 5. Calculate a(v).
-6
Let q(m) = 2*m + 17 + 10 - 53 - 3*m + 17. Determine q(-10).
1
Let i be (1 - ((-45)/(-6) + -8)) + 27/6. Let j(k) = k**3 - 5*k**2 + 2*k + 1. Calculate j(i).
49
Let b(q) = 11*q + 6*q + q + 13 - 17*q. Give b(-10).
3
Let d(v) = v**3 - 8*v**2 + 4*v + 20. Suppose 17 = -3*o + 38. Let u be d(o). Let i(g) = 33*g**2. Give i(u).
33
Let y(f) = -2*f**2 + 4*f + 5. Suppose 0 = -352*u + 351*u. What is y(u)?
5
Let w(l) = 20*l**3 - l. Let h = 72 + -41. Let r = 14 - h. Let y = r + 18. Determine w(y).
19
Let i(q) = -q**2 + 8*q - 8. Suppose 2*r - 33 = 3*h, 3*h + 51 = 5*r + 9. Let x = 27 - h. Suppose -3*a + x = 3*a. Calculate i(a).
4
Let k(q) = -q**3 - 8*q**2 - 3*q + 5. Suppose 4*h + 48 = 64. Let n be (h/(24/(-9)))/(21/476). Let a = n + 27. Calculate k(a).
-23
Let s be 5/((-2)/8*4). Let t be -1 + s + 5 + 1. Let h(j) = j**2 + j + 8. Give h(t).
8
Suppose -5*s - 26 = -6*m + 3*m, 2*m - 4*s - 20 = 0. Suppose -5*y - 6 = 4*t, 4*y - y + t = m. Let a(w) = -3*w**2 - 3*w + 1. Calculate a(y).